{"id":423,"date":"2024-05-03T21:02:03","date_gmt":"2024-05-03T19:02:03","guid":{"rendered":"https:\/\/crayasbd.com\/?page_id=423"},"modified":"2025-12-19T15:26:01","modified_gmt":"2025-12-19T14:26:01","slug":"bonus","status":"publish","type":"page","link":"https:\/\/crayasbd.com\/index.php\/bonus\/","title":{"rendered":"Bonus !"},"content":{"rendered":"\n<p class=\"has-text-align-center has-large-font-size\">De petites surprises vous attendent sur cette page.<\/p>\n\n\n\n<p class=\"has-text-align-center has-large-font-size\"><strong>PROFITEZ-EN !<\/strong><\/p>\n\n\n\n<hr class=\"wp-block-separator has-alpha-channel-opacity\"\/>\n\n\n\n<h2 class=\"wp-block-heading has-text-align-center\">CARTE DE VOEUX 2026<\/h2>\n\n\n\n<figure class=\"wp-block-image size-large\"><img loading=\"lazy\" decoding=\"async\" width=\"1024\" height=\"686\" src=\"https:\/\/crayasbd.com\/wp-content\/uploads\/2025\/12\/2026_carteA-1024x686.png\" alt=\"\" class=\"wp-image-555\" srcset=\"https:\/\/crayasbd.com\/wp-content\/uploads\/2025\/12\/2026_carteA-1024x686.png 1024w, https:\/\/crayasbd.com\/wp-content\/uploads\/2025\/12\/2026_carteA-300x201.png 300w, https:\/\/crayasbd.com\/wp-content\/uploads\/2025\/12\/2026_carteA-768x514.png 768w, https:\/\/crayasbd.com\/wp-content\/uploads\/2025\/12\/2026_carteA-1536x1029.png 1536w, https:\/\/crayasbd.com\/wp-content\/uploads\/2025\/12\/2026_carteA-600x402.png 600w, https:\/\/crayasbd.com\/wp-content\/uploads\/2025\/12\/2026_carteA.png 1753w\" sizes=\"auto, (max-width: 1024px) 100vw, 1024px\" \/><\/figure>\n\n\n\n<div class=\"wp-block-buttons is-content-justification-center is-layout-flex wp-container-core-buttons-is-layout-a89b3969 wp-block-buttons-is-layout-flex\">\n<div class=\"wp-block-button is-style-outline is-style-outline--1\"><a class=\"wp-block-button__link wp-element-button\" href=\"http:\/\/crayasbd.com\/wp-content\/uploads\/2025\/12\/2026_carte-scaled.png\" target=\"_blank\" rel=\"noreferrer noopener\">T\u00e9l\u00e9charger VERSION A4<\/a><\/div>\n<\/div>\n\n\n\n<div class=\"wp-block-buttons is-content-justification-center is-layout-flex wp-container-core-buttons-is-layout-a89b3969 wp-block-buttons-is-layout-flex\">\n<div class=\"wp-block-button is-style-outline is-style-outline--2\"><a class=\"wp-block-button__link wp-element-button\" href=\"http:\/\/crayasbd.com\/wp-content\/uploads\/2025\/12\/2026_carte2-1-scaled.png\" target=\"_blank\" rel=\"noreferrer noopener\">T\u00e9l\u00e9charger VERSION A5<\/a><\/div>\n<\/div>\n\n\n\n<div class=\"wp-block-buttons is-content-justification-center is-layout-flex wp-container-core-buttons-is-layout-a89b3969 wp-block-buttons-is-layout-flex\">\n<div class=\"wp-block-button is-style-outline is-style-outline--3\"><a class=\"wp-block-button__link wp-element-button\" href=\"http:\/\/crayasbd.com\/wp-content\/uploads\/2025\/12\/2026_carte_colo-scaled.png\" target=\"_blank\" rel=\"noreferrer noopener\">T\u00e9l\u00e9charger VERSION \u00e0 COLORIER<\/a><\/div>\n<\/div>\n\n\n\n<p class=\"has-text-align-center has-large-font-size\">Un image \u00e0 colorier<\/p>\n\n\n\n<p class=\"has-text-align-center\">Vous pouvez la t\u00e9l\u00e9charger en cliquant sur le bouton.<\/p>\n\n\n\n<div class=\"wp-block-buttons is-content-justification-center is-layout-flex wp-container-core-buttons-is-layout-a89b3969 wp-block-buttons-is-layout-flex\">\n<div class=\"wp-block-button is-style-outline is-style-outline--4\"><a class=\"wp-block-button__link wp-element-button\" href=\"https:\/\/crayasbd.com\/wp-content\/uploads\/2024\/05\/coloriage-1638x2048.png\" target=\"_blank\" rel=\"noreferrer noopener\">T\u00e9l\u00e9charger<\/a><\/div>\n<\/div>\n\n\n\n<figure class=\"wp-block-image size-large\"><img loading=\"lazy\" decoding=\"async\" width=\"819\" height=\"1024\" src=\"https:\/\/crayasbd.com\/wp-content\/uploads\/2024\/05\/coloriage-819x1024.png\" alt=\"\" class=\"wp-image-425\" srcset=\"https:\/\/crayasbd.com\/wp-content\/uploads\/2024\/05\/coloriage-819x1024.png 819w, https:\/\/crayasbd.com\/wp-content\/uploads\/2024\/05\/coloriage-240x300.png 240w, https:\/\/crayasbd.com\/wp-content\/uploads\/2024\/05\/coloriage-768x960.png 768w, https:\/\/crayasbd.com\/wp-content\/uploads\/2024\/05\/coloriage-1229x1536.png 1229w, https:\/\/crayasbd.com\/wp-content\/uploads\/2024\/05\/coloriage-1638x2048.png 1638w, https:\/\/crayasbd.com\/wp-content\/uploads\/2024\/05\/coloriage-600x750.png 600w\" sizes=\"auto, (max-width: 819px) 100vw, 819px\" \/><\/figure>\n\n\n\n<hr class=\"wp-block-separator has-alpha-channel-opacity\"\/>\n\n\n\n<p class=\"has-text-align-center has-large-font-size\">Des fonds d&rsquo;\u00e9cran de smartphone<\/p>\n\n\n\n<div class=\"wp-block-buttons is-content-justification-center is-layout-flex wp-container-core-buttons-is-layout-a89b3969 wp-block-buttons-is-layout-flex\">\n<div class=\"wp-block-button is-style-outline is-style-outline--5\"><a class=\"wp-block-button__link wp-element-button\" href=\"http:\/\/crayasbd.com\/wp-content\/uploads\/2024\/05\/Fond-ecran-gsm.png\" target=\"_blank\" rel=\"noreferrer noopener\">IMAGE 1<\/a><\/div>\n\n\n\n<div class=\"wp-block-button is-style-outline is-style-outline--6\"><a class=\"wp-block-button__link wp-element-button\" href=\"http:\/\/crayasbd.com\/wp-content\/uploads\/2024\/05\/Fond-ecran-gsm2.png\" target=\"_blank\" rel=\"noreferrer noopener\">IMAGE 2<\/a><\/div>\n<\/div>\n\n\n\n<figure class=\"wp-block-image size-full\"><img loading=\"lazy\" decoding=\"async\" width=\"630\" height=\"550\" src=\"http:\/\/crayasbd.com\/wp-content\/uploads\/2024\/05\/GSm.png\" alt=\"\" class=\"wp-image-429\" srcset=\"https:\/\/crayasbd.com\/wp-content\/uploads\/2024\/05\/GSm.png 630w, https:\/\/crayasbd.com\/wp-content\/uploads\/2024\/05\/GSm-300x262.png 300w, https:\/\/crayasbd.com\/wp-content\/uploads\/2024\/05\/GSm-600x524.png 600w\" sizes=\"auto, (max-width: 630px) 100vw, 630px\" \/><\/figure>\n\n\n\n<p><\/p>\n","protected":false},"excerpt":{"rendered":"<p>De petites surprises vous attendent sur cette page. PROFITEZ-EN ! CARTE DE VOEUX 2026 Un image \u00e0 colorier Vous pouvez la t\u00e9l\u00e9charger en cliquant sur le bouton. Des fonds d&rsquo;\u00e9cran de smartphone<\/p>\n","protected":false},"author":1,"featured_media":0,"parent":0,"menu_order":0,"comment_status":"closed","ping_status":"closed","template":"","meta":{"footnotes":""},"class_list":["post-423","page","type-page","status-publish","hentry"],"_links":{"self":[{"href":"https:\/\/crayasbd.com\/index.php\/wp-json\/wp\/v2\/pages\/423","targetHints":{"allow":["GET"]}}],"collection":[{"href":"https:\/\/crayasbd.com\/index.php\/wp-json\/wp\/v2\/pages"}],"about":[{"href":"https:\/\/crayasbd.com\/index.php\/wp-json\/wp\/v2\/types\/page"}],"author":[{"embeddable":true,"href":"https:\/\/crayasbd.com\/index.php\/wp-json\/wp\/v2\/users\/1"}],"replies":[{"embeddable":true,"href":"https:\/\/crayasbd.com\/index.php\/wp-json\/wp\/v2\/comments?post=423"}],"version-history":[{"count":12,"href":"https:\/\/crayasbd.com\/index.php\/wp-json\/wp\/v2\/pages\/423\/revisions"}],"predecessor-version":[{"id":560,"href":"https:\/\/crayasbd.com\/index.php\/wp-json\/wp\/v2\/pages\/423\/revisions\/560"}],"wp:attachment":[{"href":"https:\/\/crayasbd.com\/index.php\/wp-json\/wp\/v2\/media?parent=423"}],"curies":[{"name":"wp","href":"https:\/\/api.w.org\/{rel}","templated":true}]}}